ose 3*g + 2*n - 35665 = 30270, 0 = -3*g - 3*n + 65937. Is g prime?
True
Let z be 8/(-14) - 32/(-56). Suppose 3*n + z*n = 1905. Is n composite?
True
Let q(i) be the second derivative of 5/6*i**3 - 4*i - 2*i**2 - 5/12*i**4 + 0 + 3/20*i**5. Is q(3) composite?
False
Let j = -69 + 77. Let q(r) = 8*r**3 + 11*r**2 - 8*r - 15. Is q(j) composite?
False
Is -1*24/36 - (-8591)/3 composite?
True
Let m = -3 - -7. Suppose v - 2 = -0*q + 4*q, -5*q + 2*v = m. Suppose q = p + 1 - 210. Is p a prime number?
False
Let u = 17510 + -6622. Suppose 6*q = 14*q - u. Is q prime?
True
Suppose -162905 = -8*c - 42801. Is c prime?
True
Suppose 3*j + 1037 = -5*c - 395, c + 290 = 3*j. Let b = c - -504. Is b composite?
True
Let l = -36 - -24. Let i = l + 14. Suppose -i*n - 3*n = -2495. Is n a composite number?
False
Suppose 144 - 1680 = 4*y. Is (4 + (3 - y))/1 prime?
False
Let t be -1 + -2 - -342*14. Suppose 2*s = -3*s - t. Let f = -322 - s. Is f composite?
True
Let x(c) = 7 + 10*c**2 - 4 - 4 + c. Is x(4) a composite number?
False
Suppose 14 = -2*j + 18. Suppose -v - j*v + 2105 = -2*y, -1404 = -2*v + y. Is v a composite number?
True
Suppose 2*z - 352 = -2*c + 272, 5*c - 5*z - 1570 = 0. Suppose -454 - c = -q. Is q a composite number?
True
Suppose -5*k = 3*g - 6*g - 16, -5*g - 4*k = 2. Is (-4174)/(-4) + g/16*4 a composite number?
True
Suppose 9*b + 111449 = 288398. Is b a composite number?
False
Let w(a) = -a + 119. Let v(g) = g**3 + 5*g**2 - 5*g + 6. Let o be v(-6). Is w(o) composite?
True
Let k(u) = -u + 6. Let d be k(4). Suppose 5*v - 211 - 128 = d*n, 5*n - 124 = -2*v. Is v a prime number?
True
Is 1/(-21)*-7*229002 composite?
True
Let f = 31 - 50. Let d = -54 - f. Is (-4284)/d + 4/(-10) composite?
True
Let k(f) = 329*f - 15. Let r(i) = -328*i + 15. Let p(o) = 2*k(o) + 3*r(o). Is p(-3) a prime number?
False
Let j(u) = 2149*u - 9. Is j(2) a composite number?
False
Let k(u) = 16*u**3 + u - 2. Let z be k(1). Is (1 + z/(-2))/(2/(-20)) prime?
False
Suppose 312 = 4*z - x, 321 = 5*z + 3*x - 86. Suppose 3*n - 460 = -z. Is n a prime number?
True
Suppose 25 = -5*y, -2*y = 135*j - 133*j - 33028. Is j prime?
True
Let u be (-62 - -3)/(-1 + 3 - 3). Suppose 2*r - p - 33 = -92, 146 = -5*r + 2*p. Let s = u + r. Is s a composite number?
False
Suppose -5*c - 2*q = -71405, -5*q + 81120 = 5*c + 9715. Is c a prime number?
True
Let c(z) = 630*z**2 + 8*z - 29. Is c(5) a composite number?
False
Let g(f) = 105*f**2 + 30*f - 30*f + 2. Is g(2) prime?
False
Suppose -8*t = -6*t + 5*q - 5743, -2891 = -t + 4*q. Is t composite?
False
Let w = 56 + -63. Let s(z) = -73*z - 2. Is s(w) composite?
False
Let z(k) = 2*k + 3*k**2 + 2 + 9*k**2 - k**2 + 4*k**2. Is z(-3) prime?
True
Suppose 126*b + 40413 = 129*b. Is b a prime number?
False
Let y be (-7 + 7)/(1 - 0). Let o(r) = y - 3 - 4 + 2 + 14*r. Is o(3) composite?
False
Let s(i) = -39*i + 1. Let n = -5 - -3. Let l be s(n). Let o = l + -41. Is o prime?
False
Let w(z) = -z**2 - z + 4. Let a be w(-4). Let g(n) be the second derivative of 5*n**4/12 + 3*n**3/2 + 3*n**2/2 - 2*n. Is g(a) a composite number?
False
Let b(w) = 3*w**2 - 5*w + 2. Let f be b(2). Suppose -f*p = -p - 24. Is 886/p - (-5)/20 a composite number?
True
Let m = 4191 + -1912. Is m a prime number?
False
Let l = 433 + 10. Let u = -284 + l. Is u a composite number?
True
Let x = -2300 - -3955. Is x a composite number?
True
Suppose -7 = 3*h + 2, h - 7 = -2*y. Suppose -k - y*z = -3 + 10, 5*k + 2*z - 11 = 0. Is k/(-3) + 162/3 a composite number?
False
Let m = -81 - -162. Let h = m - -68. Is h a prime number?
True
Let s(q) = 94*q + 3. Let a be s(3). Suppose 0 = -5*r + 25, -3*r + r + a = 5*g. Is g a composite number?
True
Let o(x) = 363*x**3 + 3*x**2 - 14*x - 13. Is o(3) a prime number?
False
Suppose r = 5*r + 252. Suppose 5*t + 545 = 3*i + i, -5*t + 105 = i. Let m = r + i. Is m a composite number?
False
Is 1060/848 + (212179/4 - -1) composite?
False
Let c(n) = -88*n**2 + 4*n + 9 + 83*n**2 + n**3 - 2*n**3. Let m be (1 + 0)*1*-7. Is c(m) a composite number?
False
Let c = 2601 - 1646. Is c a composite number?
True
Let f = 125 - 133. Is 70462/112 + 1/f composite?
True
Let y(p) = 1817*p**2 + 29. Is y(-4) a prime number?
True
Suppose 3*w = -4*d - 0*d + 50, -w - 44 = -3*d. Let c(i) = 15*i**2 - 19 - i**3 + 7*i + 3*i - d*i. Is c(14) prime?
False
Let a = 18 - 16. Suppose -s + 513 = m + 3*s, 4*s = -a*m + 1010. Is m a prime number?
False
Is 504 - (27 - 3)/8 a composite number?
True
Suppose -3*q + 4297 = 460. Is q composite?
False
Let x(v) = 8366*v**2 - 8*v - 23. Is x(-2) composite?
False
Let v = 11505 - 6316. Is v a prime number?
True
Is (44*(-3)/(-24))/(1/766) prime?
False
Let v(z) = 53*z**2. Let x(s) = 105*s**2 - s - 1. Let r(c) = 5*v(c) - 2*x(c). Is r(3) a composite number?
False
Suppose 66*x - 4045 = 61*x. Is x a prime number?
True
Suppose 4*o + 4*m - 48 = 0, -3*m - 60 = -3*o + 2*m. Suppose 2*s + s = -o. Let p(y) = 7*y**2 - 7*y - 5. Is p(s) a composite number?
True
Suppose -d + 1 = -0. Let a(p) = 355*p**2 + p - 1. Is a(d) a prime number?
False
Let p(h) = -1 - 5 + 128*h - 4 - 7. Is p(7) a composite number?
True
Let o = -39 - -43. Is 6/o*(-2110)/(-15) composite?
False
Let s be (-2 + 1)/((-5)/3585). Suppose 2*z - s = l, l + l = 2. Is z composite?
False
Suppose -3*r - f = 5, -f + 14 = -r + 11. Let m(x) = -124*x - 3. Let l(b) = -247*b - 7. Let p(i) = -2*l(i) + 5*m(i). Is p(r) composite?
False
Let o(f) = 5*f**3 + 27*f**2 - 343*f + 2. Is o(15) a prime number?
True
Suppose 0 = a + 7*w - 2*w - 12, 62 = 3*a + 2*w. Suppose -a*q + 1142 = -20*q. Is q composite?
False
Let p(i) = -2*i + 2. Suppose 15 = -5*u - 10. Let v be p(u). Suppose -280 = -2*k - v. Is k a prime number?
False
Let p(i) = i**2 - 7*i - 3. Let x be p(8). Is (-1 - -2834) + 3 + x composite?
True
Let z(x) = -x**2 - 6*x - 1. Let i be z(-5). Let u = -429 + 429. Suppose i*j = -u*j + 860. Is j prime?
False
Let p(q) = -q**2 - 8*q + 4. Let u be p(-8). Suppose u*g + 207 = g. Let s = 224 + g. Is s a composite number?
True
Let q be (27 + -2 + 0)*(-28)/(-10). Let n = 121 + q. Is n a composite number?
False
Suppose -4*w = -3*y + 4441, 2*y - 4*w - 2218 = 740. Is y composite?
False
Suppose -240*n + 243*n = 4*o + 195485, n - 4*o = 65167. Is n a composite number?
True
Let y(j) be the first derivative of 6*j**3 - 17*j**2/2 + 42*j + 52. Is y(17) a composite number?
True
Let r(i) = i**2 + 5*i + 1. Let m be r(-4). Is m/4 + (-10835)/(-20) a composite number?
False
Let b(t) = -t**3 - 16*t**2 + 13*t - 25. Suppose -3*f + 35 = -i + 2*f, 0 = 5*i + 3*f + 91. Is b(i) a prime number?
False
Let d be -3 - (30/24)/(1/12). Is d/4*(-3820)/30 a prime number?
False
Suppose u + 4 = 7. Suppose -3*m + 1554 = u*m. Is m composite?
True
Let o = 3165 - 644. Is o a composite number?
False
Is ((-7)/28)/(-2*(-2)/(-34448)) prime?
True
Let s = 3528 + -2185. Is s a prime number?
False
Let t(p) = 2*p**3 - 5*p - 46. Is t(13) prime?
True
Let y = 822 - 753. Is y composite?
True
Suppose p - 2*w - 25 = 0, -60 = -4*p + 3*w - 5*w. Suppose -o - 8 = -3*o + s, 3*o - p = 4*s. Suppose 532 = 7*z - o*z. Is z a prime number?
False
Let z = 29421 + -18407. Is z composite?
True
Is -6*(-140)/56*(-158)/(-10) prime?
False
Let i(m) = -m**2 + 3*m**2 - 18 + 16*m**2 + 8*m + 19*m**2. Let v be i(-8). Is (-6)/4*v/(-27) prime?
True
Let f(y) = -6*y**3 + 14*y**2 + 32*y + 11. Is f(-13) composite?
True
Let v(g) = -6*g - 74. Is v(-48) a prime number?
False
Is (40/15 - 2)/(4/64986) a composite number?
False
Let l be (-1 + 5)*(-4086)/(-36). Suppose 5*m = -4*q + 643, 4*q + 2*m = l + 204. Is q a composite number?
False
Let j be 3 + 2/(-2)*4. Let s be 1689/((6/(-8))/j). Suppose s = -7*g + 11*g. Is g composite?
False
Suppose 0 = -3*b + b - 4. Let f be 7 + b/((-2)/(-2)). Suppose 0 = -4*o + f*j + 231 + 709, -3*j = -4*o + 940. Is o a composite number?
True
Suppose -896 = -5*v - 2*v. Suppose 3*u - 479 = -v. Is u + 4/(5/(-5)) a composite number?
False
Suppose 2*n + 5 = 23. Let g be 2/n - 249/27. Is (-626)/(-18) - 2/g a prime number?
False
Suppose 3*y + q = -3*q + 15, 0 = -2*y + 4*q + 30. Let b(a) = a**2 - 8*a - 5. Let d be b(y). Suppose i - 1115 = -d*i. Is i a composite number?
False
Let u(z) = 11*z**2 + 2*z + 61. Let i(q) = -4*q - 8. Let x be i(-5). Is u(x) a composite number?
False
Let p(k) be the second derivative of -k**3/2 + 9*k**2/2 - 13*k. Let w be p(18).